- 2. Let c be y(2). Let b = 40 - 23. Let k = c - b. What are the prime factors of k?
3, 5
Let x(a) = 109*a. Let d be x(1). Suppose -l + d = 4*b, 4*l - 5*l = -2*b + 59. Suppose 27 = 5*w - b. List the prime factors of w.
11
Let g be -1 + (1 - 0 - 0). List the prime factors of (g - -1) + 5 - -2.
2
Let h = -39 - -93. Let l = 8 + -45. Let j = l + h. What are the prime factors of j?
17
What are the prime factors of 0 + 3*43 + (45 - 42)?
2, 3, 11
Suppose c - 2*t + 0 + 1 = 0, 2*c - 5*t - 2 = 0. Let l be -4 - ((-72)/(-9) + 2/(-2)). Let v = c - l. What are the prime factors of v?
2
Suppose -285 = p - 4*p. List the prime factors of p.
5, 19
Let y = -8 + 16. Let t be 2/y - (-14)/8. Suppose 3*o + t*m = -2*o + 31, 2*o = -3*m + 8. List the prime factors of o.
7
Suppose -4*y = -2*v + 18, -30 = 5*y - 3*v - 7. Let p = y - -15. List the prime factors of p.
11
Suppose -5*r + 2*z + 302 = 0, -r - 33 = 2*z - 91. Suppose 5*g + r - 255 = 0. What are the prime factors of g?
3, 13
Let a = -55 - -92. What are the prime factors of a?
37
Let o(m) = -m - 5. Let i be o(-3). Let b be ((-44)/6 + (-4)/(-12))*-1. What are the prime factors of (48/14 + i)*b?
2, 5
List the prime factors of ((-180)/(-16))/(6/16).
2, 3, 5
Let r = 15 - 21. Let u = r - -9. Suppose -3*i - 27 = s - 5*s, -u*s - 5*i = -13. What are the prime factors of s?
2, 3
Let c(y) = -2 + 6*y + 5*y - 5*y. Let f be c(1). Suppose -5*v + f*w = -30, -4*v - 3*w - 5 = v. List the prime factors of v.
2
Let n(p) = -p**3 + 4*p**2 - p - 2. Let j be n(2). Let h = j - 1. Suppose 4*g - 28 = -h*m + 3*g, -4*m + 34 = 2*g. What are the prime factors of m?
11
Let l = 205 - 134. What are the prime factors of l?
71
Let n be (-2)/(-3)*(-27)/6. Let q(w) = -3*w + 3. List the prime factors of q(n).
2, 3
List the prime factors of 2343/27 + 4/18.
3, 29
Let j(w) = 7*w**2 - w**3 - 3*w + 53 + 5*w - 52. What are the prime factors of j(6)?
7
Let k be 14*-1*6/7. What are the prime factors of (-56)/k*3/2?
7
Let f(k) = k**3 - 7*k**2 - 5*k - 8. Let o(d) = d**2 + d + 8. Let s be o(0). What are the prime factors of f(s)?
2
Suppose 0 = 3*m - 24 - 6. Suppose 0 = -5*t - 0*t + m. Suppose 6*v = 5*o + v - 5, -22 = -2*o - t*v. List the prime factors of o.
2, 3
Suppose 0 = -r + 4*r - 120. List the prime factors of r.
2, 5
Suppose -5*l = -5*z + 155, -7*z = -2*z + 2*l - 141. List the prime factors of z.
29
Suppose -s - 1 = -12. List the prime factors of s.
11
Suppose -5*p - 281 = -1251. What are the prime factors of p?
2, 97
Suppose -u = 2*h - 43, 5*h = 4*u + 88 - 286. Suppose -3*l = -u - 22. List the prime factors of l.
23
Let l be (-114)/(-7) - (-10)/(-35). Suppose -5 = g - l. What are the prime factors of g?
11
Let m = 49 - 31. What are the prime factors of m?
2, 3
Let k be 3/(-1) + (5 - 2). Let y = k - -11. List the prime factors of y.
11
Let c(f) = f**3 - 6*f**2 + 5*f - 8. Let r be c(7). Suppose -m + r = 3*m. What are the prime factors of m?
19
Let u(v) = -v**3 + 2*v**2 + 4*v - 1. Suppose 6*i - i = 15. Let r be u(i). Suppose -r*w = 3*w + 3*a - 25, 3*w + a = 11. What are the prime factors of w?
2
Let s = 8 - 5. Suppose 3*x - 2*r = 40, 4*x - x - 15 = -s*r. What are the prime factors of x?
2, 5
Suppose -4*y + 14 = -o + 51, 4*o - 3*y - 83 = 0. List the prime factors of 2/(3 - 49/o).
17
Let i(h) = -h**2 - 7*h + 11. Let p be i(-8). Suppose 2*d - 3*d + p = 0. Suppose -j = 0, -4*b + j = d*j - 12. List the prime factors of b.
3
Let g(u) = -u**2 - 2*u - 3. Suppose -4*p - 20 + 5 = -q, 0 = 5*q - 15. Let c be g(p). Let a(m) = -3*m - 7. List the prime factors of a(c).
11
Let y(j) = -3*j**3 + 3*j**3 - 8*j - j**3 + 13 - 10*j**2. List the prime factors of y(-9).
2
Let s = 18 - 2. Suppose -s = -2*d + d. List the prime factors of d.
2
Suppose 1 = -x, g - 1 = 3*x + 3. Let a(r) = -4*r**3 - g + 2*r**2 + 0*r**3 - 2*r**3. What are the prime factors of a(-1)?
7
Let s = 2 + -2. Suppose 2*g - 3*k = s, -2*g + 16 = 9*k - 4*k. List the prime factors of g.
3
Let o be 22/6 - 10/15. Suppose o*k - 8*k = -20. List the prime factors of k.
2
Suppose 3*y - 161 - 259 = 0. Suppose 0*n - 5*n = -y. List the prime factors of n.
2, 7
Let c be (2/(-4))/((-4)/16). Suppose -c*x + x = 6. Let z = 1 - x. What are the prime factors of z?
7
Suppose 0*n + 4 = 2*n. Let r be -12*((-8)/2 + n). Let f = -15 + r. List the prime factors of f.
3
Let i be (-3)/4 - (-247)/52. What are the prime factors of (-48)/(-9)*6/i?
2
Suppose 2*k - k + 19 = q, -2*k - 83 = -5*q. What are the prime factors of q?
3, 5
Suppose z + 9 = -2*t - 2*z, 24 = 3*t - 3*z. Suppose s - t*m + 5 = 0, -4*s + 0 + 14 = 5*m. Suppose -s = -4*i + 11. What are the prime factors of i?
3
Let w(t) = -t + 2. Let q be w(-2). Let b be q + -1 + 3 + -1. Suppose -n + 31 = 3*n + 3*p, b*n - 47 = -p. List the prime factors of n.
2, 5
Let p be 1 - -1*(7 - 3). Suppose 0 = p*r + 5*k - 245, -3*r - 4*k + 137 = -3*k. What are the prime factors of r?
2, 11
What are the prime factors of 90 + 2 + -1 + 3?
2, 47
Let g(n) = -n**2 + 14*n. Let x(v) = -v**2 + 6*v + 6*v**2 - 35*v - 3*v**2. Let j(c) = 7*g(c) + 3*x(c). What are the prime factors of j(10)?
2, 5
Let y(k) = k**2 - 2*k - 1. Let g = 2 + 1. What are the prime factors of y(g)?
2
Suppose -i + 5*i = 112. Suppose 2*k - i = -2*k. What are the prime factors of k?
7
Let j(q) = q - 1. Let r be j(2). Let d be 2*r*3/(-6). List the prime factors of (-1)/((-3)/(-21)*d).
7
Let i = -19 + 39. Suppose 5*r = -4*x + 13 + 11, 4*x = -4*r + i. Suppose r*s + 37 = 7*s - 4*k, 5*s + k - 31 = 0. List the prime factors of s.
7
Let z(v) = v - 1. Let y be z(4). Suppose -4*c = 4*d + 28, d - 19 = 3*d + y*c. What are the prime factors of d - (-3 - 20)*1?
3, 7
Suppose 30 = 4*p + 5*d, p + 2 - 1 = 3*d. Suppose -2*t + 5*q - 12 = 0, p*q = -2*t + 6 + 22. Suppose t*f - 45 = -f. List the prime factors of f.
3
What are the prime factors of 4/18 - 7710/(-54)?
11, 13
Let a(x) = x**3 + 13*x**2 + 18*x + 31. What are the prime factors of a(-11)?
3, 5
Suppose 2*n = -2*n. Suppose 3*r = 5*o + 17, 2*r + 6*o - 5*o - 20 = n. List the prime factors of r.
3
Suppose 5*x + 28 = -7. List the prime factors of 0 + -1 + 14 + x.
2, 3
Let j = 18 - 16. What are the prime factors of (2 - j) + 33 + -8?
5
Let t(n) = -6*n + 6. Let q be t(-5). Suppose -2*o + 0*o = -q. List the prime factors of o.
2, 3
Let b be -2*1 - (-6 - -2). Let k(d) = d**3 - 3*d**2 + 4*d - 2. List the prime factors of k(b).
2
Suppose -5*r = o - 17, 0 = -0*o - 2*o - 5*r + 24. Suppose -3*w - 2*p + 6*p = -o, w - 4*p = 13. What are the prime factors of 4/1*w/(-4)?
3
What are the prime factors of 0 - -74*3/6?
37
Suppose 4*f = 4*w - 24, -3*f = -0 - 3. What are the prime factors of w?
7
Suppose 2*j + 1 = 5. Suppose -j*x = -7*x + 85. List the prime factors of x.
17
Let t(a) = a**2 + 9*a. Let m be t(-4). Let f = 9 - m. List the prime factors of f.
29
Let l be (-9)/6*(-1 - 1). Suppose 0 = 2*x + l*d - 0*d, 0 = -3*x + d. Suppose 8 = 3*c + c, x = h + 4*c - 17. List the prime factors of h.
3
Let c be -3*((-8)/(-6))/2. Let d(y) be the second derivative of -y**5/20 - y**4/12 + y**2 + y. List the prime factors of d(c).
2, 3
Suppose -4*f = 3*d - 252, 0 = -3*d + 2*d + 4. List the prime factors of f.
2, 3, 5
Suppose -4*z - 3*z = -1078. What are the prime factors of z?
2, 7, 11
Let j(s) = 18*s. Let x be 2/3 - (-8)/(-3). Let a be j(x). Let g = a - -51. What are the prime factors of g?
3, 5
Let t = 10 - 6. Suppose -2*r - 19 = -5*m - 3*r, 0 = 5*m - t*r + 1. Suppose -m*c + 40 = 2*c. What are the prime factors of c?
2
Let s(r) = -2*r + 7. Let n be s(7). Let l = n - -11. Suppose -l*j + 2 + 14 = 0. What are the prime factors of j?
2
Let u = -15 + 50. List the prime factors of u.
5, 7
Suppose 3*i + 6 = 4*j + i, 0 = -5*j + 5*i. Let u(t) = 8*t. What are the prime factors of u(j)?
2, 3
Suppose 4*h - 363 = -0*h + s, 5*h + 2*s - 457 = 0. Suppose -h = -6*g + 3*g + o, 2*o - 138 = -4*g. List the prime factors of g.
2
Let z be 10/8 - 18/(-24). Suppose 51 = 3*x - 4*a, 2*a + 20 = z*x + 4*a. Suppose 3*o = s - 17, 4*o + 3 = -x. List the prime factors of s.
5
Let l be 18/(-4)*8/(-6). Let x = 16 + 84. Suppose w + x = l*w. What are the prime factors of w?
2, 5
Suppose 11*j = 6*j + 5. What are the prime factors of (-4)/((16/(-12))/j)?
3
Suppose 3 = -4*p - 5. Let d = p - -5. List the prime factors of d.
3
Let q = -2 - -5. Suppose 4*k - 11 = -m + 2*m, q*k - 5*m + 